 -4*k + l*m = -284. What are the prime factors of k?
71
Let r(b) = -b**3 - 3*b**2 + b. Suppose -t - 10 = t. List the prime factors of r(t).
3, 5
Suppose 2*x - 8 = -2. Let h be 0 + (x - 1/1). Suppose -2*f = -0*f + 3*a - 35, -h*a + 20 = f. List the prime factors of f.
2, 5
Suppose -7*d = 375 - 403. Let n(a) = -4*a - a + 2*a**2 - 2 - 2. List the prime factors of n(d).
2
Let w(r) = r - 15. Let o be w(0). Let x(s) = s**3 + 14*s**2 - 18*s + 7. List the prime factors of x(o).
2, 13
Suppose -v = -d + 2108, 3*d - 9*v - 6342 = -12*v. What are the prime factors of d?
2111
Let v = -601 - -2686. Suppose 22*f = 7*f + v. List the prime factors of f.
139
Let y(s) = -4*s + 59. Let p be y(17). Let n(z) = -10*z + 20. List the prime factors of n(p).
2, 5, 11
What are the prime factors of (-19 - -22)/(3/433)?
433
Let a be 4/(4/(-8)*-1). Let q(v) = 14*v + 11. What are the prime factors of q(a)?
3, 41
Let q = 37 - -90. Let a = q - -163. List the prime factors of a.
2, 5, 29
Let l be (-1)/(-3)*(-165)/(-5). Suppose 0 = d - l + 6. Suppose 3*h + d*k = 12, 2*h - k = -h + 30. List the prime factors of h.
3
Let k(p) = p**2 - 24*p + 4. Let q be k(24). Suppose q*r + 406 = 11*r. List the prime factors of r.
2, 29
Let a = 5908 + -3267. What are the prime factors of a?
19, 139
Suppose 0 = n - 4, f - 3*n = -n + 3. Suppose 13*h - f*h = 144. What are the prime factors of h?
2, 3
Let x(f) = 6*f + 27. Let d be x(-4). What are the prime factors of (3 - 0)/d + 108?
109
Suppose 6 = -t - 5*t. What are the prime factors of t + (-18)/6 + 201?
197
Let s(k) = 3*k**2 + 58*k + 58. Let a(o) = -o**2 - 19*o - 19. Let j(z) = -11*a(z) - 4*s(z). What are the prime factors of j(-16)?
89
Let y(k) be the third derivative of k**6/120 + 3*k**5/20 + 3*k**3/2 - 10*k**2. What are the prime factors of y(-8)?
73
Let s = 49 + -43. Suppose -s*y + 284 = -5*y. List the prime factors of y.
2, 71
Suppose -6*y = -8*y + 3774. What are the prime factors of y?
3, 17, 37
Suppose 3*u - 251 - 76 = 0. Suppose 2*p - u = p. What are the prime factors of p?
109
Let x = 328 + 412. Suppose -5*g = -9*g + x. What are the prime factors of g?
5, 37
Let d be (10/15)/(4/114). Suppose -o - 3*o - d = -l, 3*l - 3*o - 21 = 0. Suppose -3*a = -i - 45, 44 = l*a - 4*i - 1. What are the prime factors of a?
3, 5
Let s(v) = -14*v - 115. What are the prime factors of s(-46)?
23
Suppose 3*g + g - 12 = 0, -3*l - g + 12 = 0. Suppose l*x + x = -5*o + 75, 0 = 2*x - 5*o - 15. What are the prime factors of x?
3, 5
Let y = -156 + 64. Suppose 0 = -2*d - 5*l - 27, 5*d = -l - 2 - 31. List the prime factors of 2/d*(y - 7).
3, 11
Let c(b) = -9*b**2 + 15*b - 1. Let k be c(4). Let q = k + 333. What are the prime factors of q?
2, 31
Let t = 70 - 62. What are the prime factors of ((-468)/t)/((-2)/4)?
3, 13
Let b be (-1)/(-2) - 141/6. Let m = -23 - b. Suppose m = 4*r - 68 - 120. What are the prime factors of r?
47
Suppose 222*t - 228*t + 12498 = 0. List the prime factors of t.
2083
What are the prime factors of (-485)/(-2)*(-2040)/(-300)?
17, 97
Suppose -3*w = -3*j - 306, 0 = j - 2*j. List the prime factors of w.
2, 3, 17
Suppose 9*n + 347 + 193 = 0. Let v = n - -133. List the prime factors of v.
73
Let f(d) = d + 0*d - 24*d**3 - 18*d**2 + 30*d**2 - 13*d**2. Let r be f(1). What are the prime factors of 7/(196/r)*-7?
2, 3
Let y = -13 - -15. Suppose -5*a + 21 = -y*l, -3*a + 23 = -0*l + 4*l. Suppose -2*m - a*r = -56, m = -m + 2*r + 56. What are the prime factors of m?
2, 7
Suppose 2*g + 32 = 2*b - 24, 3*g - 4*b + 85 = 0. Let k = g + 25. List the prime factors of (-3 - k) + -2 - -35.
2
Let r(h) = 99*h - 2. Let x be r(1). Let b = x - 41. What are the prime factors of b?
2, 7
Let s(z) = 3*z - 40. Let g be s(14). Let u = 4 + 2. List the prime factors of 360/u*g/4.
2, 3, 5
Let z(t) = -t**3 + 5*t**2 + 2*t - 2. Let d be z(3). Let w = 13 - d. List the prime factors of (-4 + w/(-3))*-24.
2, 3
List the prime factors of ((-1353)/5)/(-11)*40.
2, 3, 41
Suppose -53*o = -56*o + 18. Suppose -471 = -o*g + 3*g - n, 0 = -g + 3*n + 147. What are the prime factors of g?
2, 3, 13
Let i(u) = u**2 + 12*u + 19. Let f be i(-12). Let v = f + 25. What are the prime factors of v?
2, 11
Suppose 6678 = 2*q + 4*i, -13*q + 8*q - i + 16722 = 0. List the prime factors of q.
3, 5, 223
Let t(c) = 14*c**2 + 3*c + 6. Suppose -r - 2 = -h, -3*r - 2*h - 6 = 2*h. What are the prime factors of t(r)?
2, 7
Let h be 2 - (3 - (0 - -4)). Suppose -4*y - 51 = -b, 0 = h*b - 5*b + 5*y + 111. List the prime factors of b.
3, 7
List the prime factors of 10/45 - 7*3638/(-18).
5, 283
Let s be (48/20)/(7/((-70)/(-4))). Let q(m) = -2*m**2 + 8*m - 3. Let o(b) = 2*b**2 - 8*b + 3. Let v(n) = -3*o(n) - 4*q(n). List the prime factors of v(s).
3
Let g(n) = -24*n - 39. Let f(u) = -u. Let j(i) = 5*f(i) - g(i). What are the prime factors of j(4)?
5, 23
Let u be 14/(-2) + (5 - 3). Let k = 6 + u. List the prime factors of (2 - k)/(1/23).
23
List the prime factors of (-2)/(1 - (1549/258 - 5)).
2, 3, 43
Let m(q) = q**3 - 11*q**2 - 7*q + 1. Let z be m(8). Let u = -27 - z. What are the prime factors of u?
2, 5, 11
Let h be 25/(-1)*5/(-25)*2. Suppose w - 30 = -2*w. List the prime factors of h + w/(-2) + 2.
7
Let r be 327*((3 - 3) + 1). Let l = -167 + r. What are the prime factors of l?
2, 5
Suppose -2 + 4 = f. Suppose -7*o = -f*o - 1600. Suppose 18*n + o = 23*n. List the prime factors of n.
2
Suppose -5*s = 4*p + p + 5, -2*p - 8 = 4*s. Let t = s + 6. Suppose 2*o + 2*d - 111 = -o, 4*o - t*d = 131. List the prime factors of o.
5, 7
Let z(g) = g**3 - 20*g**2 - 32*g + 44. What are the prime factors of z(22)?
2, 7, 11
Let b(d) = 2*d**3 + 19*d**2 + 3*d + 9. Let o be b(-9). Let m = o - -82. List the prime factors of m.
5, 29
What are the prime factors of (-64)/(-8) + 1604 + 0?
2, 13, 31
Suppose -2*g = -6*g + 8. Let k(i) = -7*i + i**g + 6*i + 3*i. List the prime factors of k(-4).
2
Suppose -2*v = -0*v + 18. Let g = 3 + v. Let r = 14 + g. List the prime factors of r.
2
Let h(b) = -b**3 - 18*b**2 - 15*b + 35. Let p be h(-17). List the prime factors of 78/p + -10 + 7.
3, 5
Let x(u) = -8*u**3 - u**2 + 4*u + 6. Let a = -58 - -55. List the prime factors of x(a).
3, 67
Let l(n) = -56*n - 8. What are the prime factors of l(-8)?
2, 5, 11
List the prime factors of (16 + (1 - 1))*335/10.
2, 67
Let s(w) be the second derivative of w**4/12 + 5*w**3/6 - 3*w**2 - 10*w. Let k be s(-6). Suppose 0 = -2*v - k + 4. List the prime factors of v.
2
Let q(z) = 15*z**3 + 13*z**2 + 3*z - 3. Let v be q(7). Suppose -v = -28*b + 8*b. What are the prime factors of b?
2, 5, 29
Let d(y) be the second derivative of -5/2*y**2 - 1/4*y**4 + 0 + 1/20*y**5 + 2*y + 0*y**3. List the prime factors of d(4).
11
Let m(d) = 3*d**2 + 28*d + 5. Let f be m(-9). Let h(w) = w**2 - 5*w - 19. List the prime factors of h(f).
17
Let n = 9347 - 17897. What are the prime factors of 4/22 + n/(-165)?
2, 13
Let z = 405 + -256. List the prime factors of z.
149
Let z(u) = -2*u - 8. Let d be 276/(-66) - (-2)/11. Let w be z(d). Suppose w = 5*g + 28 - 158. What are the prime factors of g?
2, 13
Suppose -157*s + 140*s = -6834. List the prime factors of s.
2, 3, 67
Let r(h) = -7*h**3 - 2*h**2 + 3*h + 61. Let f(b) = 11*b**3 + 3*b**2 - 5*b - 92. Let o(g) = 5*f(g) + 8*r(g). What are the prime factors of o(0)?
2, 7
Suppose 18 = -4*m - 6. Let g be (m/(-5))/2*5. Suppose -4*s + 44 = 4*c, 4*s + 85 = 5*c + g*s. What are the prime factors of c?
2
Suppose 5 = 3*z + q + 4*q, -3*q - 26 = -4*z. Suppose z*r + 4 = 6*r. Suppose c - 4 = 0, 0 = -g - r*g - 3*c + 297. List the prime factors of g.
3, 19
Let f = 665 - 363. List the prime factors of f.
2, 151
Let u(a) = 2*a**2 - 14*a + 5. Let c be u(8). Let d = 31 - c. What are the prime factors of d?
2, 5
What are the prime factors of (19 - 21)/(1/(-530))?
2, 5, 53
Let z be ((-7)/2 - -4)*4. Suppose -z*o - 1107 = -11*o. List the prime factors of o.
3, 41
Let z(d) = -4*d**2 - 4*d + 7. Let u be z(4). Let m = u + 84. List the prime factors of m.
11
Let p(m) = -m**3 - 51*m**2 + 40*m + 128. What are the prime factors of p(-52)?
2, 47
Let j = 8 - 19. Let v(c) = -c**3 - 12*c**2 - 4*c + 15. Let b be v(j). Let m = b + 104. What are the prime factors of m?
2, 3, 7
Let h = -190 - 292. Let x = h + 747. List the prime factors of x.
5, 53
Let x be 3/((-12)/2)*-4. Suppose 5*o - h = 512, -3*o + h